 0 + 16 - 12*y + 6*y**2. Let h(x) = -x**3 + 8*x**2 - 6*x - 6. Let z be h(7). Calculate c(z).
6
Let s(b) be the first derivative of -b**2/2 - 7*b + 101. Determine s(-9).
2
Let u(j) = -2*j**3 + 11*j**2 - 29*j - 15. Let d(f) = -f**3 + 6*f**2 - 16*f - 8. Let l(i) = -11*d(i) + 6*u(i). What is l(3)?
-23
Let f(i) be the first derivative of -i**4/4 + 9*i**3 + i**2/2 - 32*i - 707. Determine f(27).
-5
Let b = -361 + 205. Let v = b + 145. Let u(k) = k**2 + 11*k + 9. Give u(v).
9
Let h(o) be the second derivative of -o**4/4 + o**3/6 + 3*o. Suppose -n = -3 - 2. Suppose 4*z + 5*v - 6 = 0, -n*v = -2*z - 0 - 12. Give h(z).
-4
Let s(c) = -10 - 7*c + 0*c**2 + 12 - 3*c**2 + 2*c**2. Calculate s(-9).
-16
Let m(b) = b + 4 + 0 + 4 - 2. Give m(-7).
-1
Let r = 2483 - 2487. Let d(l) be the first derivative of -l**4/4 - l**3 + 3*l**2/2 + 4*l + 1. Give d(r).
8
Let y(o) = 0*o**2 - 931 - 3*o - 2*o**2 - 928 + 1862. Give y(-4).
-17
Let m = 402 + -397. Let z(o) = o - 2. Determine z(m).
3
Let u(m) = 2*m**2 - m + 2. Let l = 240 - 242. Give u(l).
12
Let m(g) = g**3 - 11*g**2 + 8*g + 22. Let y be m(10). Let v(f) = -5*f + 3*f**2 + f**y + 0*f - 5*f**2 + 1. Give v(-6).
-5
Let l = 29 - 2. Let q = -22 + l. Let i(d) = d - 1. Calculate i(q).
4
Let c(v) = 40*v - 38*v + 11 - 37. Let j be c(16). Let m(d) = 5 - 13 + d**2 - 5*d - 2*d. Give m(j).
-14
Let p(m) = -m**2 + m + 2. Let c(k) = k**3 + 16*k**2 + 4*k + 19. Let a be c(-16). Let s = -47 - a. Determine p(s).
-4
Let v(g) = 7*g**3 + 5*g**2 + 7*g + 5. Let m(k) = 20*k**3 + 14*k**2 + 20*k + 15. Let a(q) = 6*m(q) - 17*v(q). Suppose -597*b = -612*b. What is a(b)?
5
Let q(k) = 18*k - 14*k**2 + 13*k**2 + 15*k**2 + 10 + 5*k**2 + k**3. Calculate q(-18).
10
Let m(o) = -o - 5. Suppose 0 = -6*a + 1 + 59. Suppose 23*l = 18*l + a. Suppose g + z = -7, l*z + 3 = z. Give m(g).
-1
Let o(y) be the third derivative of 1/30*y**5 + 2*y**2 + 0*y**6 + 0*y**4 + 0*y + 0 + 0*y**3 - 1/2520*y**7. Let c(i) be the third derivative of o(i). Give c(-6).
12
Let s(y) = 33 + 2*y - 20 + 0*y - 12. Suppose -43 = -3*k + 4*r, -22 = -4*k - 3*r + 2. Suppose -4*f + 25 - k = 0. What is s(f)?
9
Let g be (-7)/((-14)/12)*3/9. Let o(w) = g*w - 2 - 6*w - 1. Calculate o(-2).
5
Let l(q) be the first derivative of -2*q**2 + q - 4. Suppose -i - 28 = -27. What is l(i)?
5
Let m(r) = r - 9. Let f(o) = 3*o - 28. Let b(w) = -4*f(w) + 11*m(w). Give b(11).
2
Let n(d) = 3*d + d**3 - 5 + 4*d**2 + 2*d**2 + 0*d. Let q = 20 + 3. Suppose 5*z - 4*x + 13 = -x, -2*x - q = 3*z. What is n(z)?
5
Suppose 3*f + 12 = 0, -3*l - 15 = -4*l + f. Let z(w) = -w**2 + 11*w + 9. Calculate z(l).
9
Let t = 68 - 68. Let o(q) = 3 - 45*q + 24*q + 22*q + t. Calculate o(0).
3
Let u(r) = -3*r**2 + 2*r**2 + 46*r + 0*r**2 - 37*r - 7. Determine u(9).
-7
Let f(n) = -n**3 - 8*n**2 + 3*n + 5. Let g be f(-9). Let y = g - -9. Let c(x) = -2*x - 68 + y. What is c(3)?
-6
Suppose 22*m - 118 = -514. Let w(c) = c + 16. Calculate w(m).
-2
Let o be (9/2)/(3 - (-25)/(-10)). Let b(g) = -g + 15. What is b(o)?
6
Let a(m) be the first derivative of 8*m + 1/4*m**4 - 9/2*m**2 + 3 - 5/3*m**3. Let k = 278 - 272. Give a(k).
-10
Let k(t) = -t**3 + 5*t**2 - t - 6. Let v be k(7). Let y = v + 48. Let x be y/(-28) + (-1)/4. Let j(b) = b - 1. Give j(x).
1
Let q(o) = 0*o + 3*o - 2*o. Let n be q(-7). Let g(w) be the first derivative of w**2 + 8*w - 2. What is g(n)?
-6
Let b(i) = -2*i - 3. Suppose 4*s + n - 24 = 0, -3 = -5*s + 5*n + 2. Suppose -2*j + h - 13 = -4, -3 = -2*j + s*h. What is b(j)?
9
Let g(v) = v**2 - v - 7. Let w(s) = 2*s**2 - s - 15. Let r(u) = 5*g(u) - 2*w(u). Suppose 1062*o + 4*y + 4 = 1058*o, -32 = -4*o + 2*y. Determine r(o).
5
Let r(m) = -m**2 - 4*m - 5. Suppose h - 2 - 1 = 0. Suppose 2*u + 4 = h*u. Let c be u/((-3)/3*1). Give r(c).
-5
Let z(p) = p**3 - 6*p**2 + 6*p. Let g = 2 - -2. Suppose 5*k = g*a - 35, 3*k + 12 + 7 = 2*a. Give z(a).
5
Let r = 6 - 11. Suppose -3*v = -8 + 2. Let l(w) = 1203 + 0*w**2 + w**v + 7*w - 1196. Determine l(r).
-3
Suppose 4*l - 2 = 3*l. Let k(b) = 13*b. Let j be k(2). Let f(z) = -3*z**2 + 2*z**l + j*z - 24*z. Give f(3).
-3
Let l(j) = j**3 + 3*j**2 - 5*j + 3 - 3*j**2. Let u = -2286 + 2289. Calculate l(u).
15
Let s(p) = 2*p + 1. Let r(q) = 6*q - 21. Let b(j) = r(j) - 2*s(j). Determine b(12).
1
Suppose -m = -2*n + 11, 0 = n - 2*n - 4*m - 17. Let b(o) = -1. Let q(x) = x**3 - 3*x**2 - x - 1. Let s(t) = -2*b(t) + q(t). Calculate s(n).
-2
Let b(w) = -2*w**2 - 4*w + 16. Let d(g) = -g**2 - g + 50. Let k be d(7). Calculate b(k).
-32
Let j be (3 - (-19)/(-3))*12/8. Let d(r) = -r**3 - 6*r**2 - 7*r. Determine d(j).
10
Let y(s) = -s**2 - 8*s - 8. Let f be 1*(6 + 1)*1. Suppose -14 = 3*m + f. Give y(m).
-1
Let m be ((-132)/110)/(6/(-20)). Suppose -m*j - 5*p + 20 = -5*j, -2*p = 2*j - 8. Let v(g) = g**2 - g - 2. Determine v(j).
-2
Suppose -2*k = -4*k + 4. Let q(v) = 8*v**2 + k - 3*v**3 - v + 4*v**3 - 2*v**3. What is q(8)?
-6
Let m(h) = -10*h + 1. Let y = -32 - -35. Let u(o) = 10*o - 1. Let r(w) = y*u(w) + 4*m(w). What is r(-1)?
11
Suppose -7*s + 8 + 6 = 0. Let c(h) = -s + 0 - 159*h - 4 + 158*h. Calculate c(-4).
-2
Let q be (-6 + 0)*19/(-38). Let v(g) be the second derivative of 0 + 3*g**2 - 12*g - 1/6*g**q. What is v(0)?
6
Let l(t) = -2*t**2 - 17*t - 6. Let j be l(-8). Let b(i) = 8*i**2 + 3*i + i**3 + j*i + 3*i - 2*i**3 + 13. Determine b(9).
4
Let h(z) = -4*z**2 - 7*z**2 + 37*z + z**3 - 4 - 26*z. Give h(10).
6
Let s(d) = -5*d + 4. Let a be (4 - 2)*6/4 - 5. Determine s(a).
14
Suppose 3*y - 6 = 18. Suppose -s + 3*s - 3*c + 10 = 0, -y = -s - 5*c. Let w(l) be the first derivative of l**4/4 + 2*l**3/3 + 3*l**2/2 - 184. Determine w(s).
-6
Suppose -4*j = -3*q + 33, -23 = -4*j + 7*j - 4*q. Let u(v) = -v + 2. What is u(j)?
11
Let c(q) = q**2 + 4*q + 3. Let x be c(-4). Let d(w) be the first derivative of w**3/3 + w**2/2 - 4*w - 46. Determine d(x).
8
Let n(x) = x**3 + 6*x**2 + 3. Let c(o) = o**2 - 6*o + 2. Let y(i) = -i - 2. Let j be y(-2). Let g be (-4)/8*(-8 - j). Let l be c(g). Give n(l).
3
Let q(x) = 2*x**3 + 6612*x + 1 - 4 - 6619*x - 3*x**3 - 6*x**2. Let y be ((-10)/(-2))/(0 - 1). Let r be q(y). Let u(o) = -o + 1. Calculate u(r).
-6
Let v be 60/25*5/2. Let x(u) = u + 4. Let c be x(3). Let s(w) = -3*w - 3*w + c*w + 3 - 1. Give s(v).
8
Let f be (-3)/(-15)*(-3)/(27/(-240)). Let r(x) be the first derivative of -f*x**3 + x**2 + x - 12. Determine r(-1).
-17
Let x(q) = q**2 - 5*q + 4. Let j be (2/1)/((-2)/(-5)). Let f be x(j). Suppose 0 = 5*c - 5*a - 5, a + 9 = -f*c - 7. Let g(y) = -y - 2. What is g(c)?
1
Let r(p) be the third derivative of p**4/8 + p**3/2 + 98*p**2. Give r(-1).
0
Suppose -111*q = -105*q + 30. Let p(z) = -z**2 + 2*z + 7. Calculate p(q).
-28
Let r(v) = -v**2 - 4*v + 6. Let o = 715 + -720. What is r(o)?
1
Let s(w) be the second derivative of -w**4/6 - w**3/2 + 9*w**2/2 - 28*w - 1. Calculate s(-5).
-26
Let x(i) = 13*i + 5*i**2 + 7*i + 7 - 16*i + i**3. Let v(p) = p**3 - 5*p**2 - 5. Let a(g) = g**2 - 2*g - 3. Let y be a(4). Let k be v(y). Give x(k).
-13
Let g(u) be the second derivative of -3*u**3/2 + 5*u**2/2 - 20*u - 3. What is g(1)?
-4
Let f(x) be the third derivative of -x**5/60 - x**4/3 - 7*x**3/6 + 31*x**2. Suppose -180*n - 14 = -178*n. Determine f(n).
0
Let h(z) = 1233 - 1233 - z + 8*z**3. Suppose -4 + 1 = -3*t. What is h(t)?
7
Let t(y) = y**3 + 8*y**2 - 8*y + 5. Let c = -856 - -847. Give t(c).
-4
Suppose 8*k = -29 - 11. Let r(m) = -4*m**2 - 5*m - 2. Let o(y) = 2*y**2 + 3*y + 1. Let l(p) = -9*o(p) - 4*r(p). What is l(k)?
-16
Let j(y) be the third derivative of y**4/24 - 2*y**3/3 + y**2. Suppose 3*o - 26 = 55. Let k = o + -22. Give j(k).
1
Suppose -t - 3*t - 12 = -3*z, 5*t + 2*z = -15. Let i = 19 + -19. Let x(r) = -2*r + i*r + 17 + r - 19. Calculate x(t).
1
Let h(m) = 165 + m + 145 - 307. Determine h(-9).
-6
Let w be ((-4)/6)/((-3)/(-18)). Let o(k) = -k**3 + 118*k + 116*k + 2 - 3*k**2 - 228*k. Determine o(w).
-6
Suppose c + 15 = 4*c. Let y(i) = c*i**2 - 4 + i**3 + 7*i + 4*i**2 - 3*i**2 - 2*i. What is y(-5)?
-4
Let w = 106 - 184. Let p = w - -76. Let b(q) be the first derivative of -q**4/2 - q**3/3 - 2*q - 1. What is b(p)?
10
Let n(u) be the second derivative of u**3/6 - 5*u**2/2 - 277*u. Calculate n(3).
-2
Let u = 128 - 129. Let k(b) = 5*b + 11. Let s be k(u). Let h(w) = -w - 2. Determine h(s).
-8
Let g(w) = 22*w - 9 - 9 + 16 - w